109, 131
List the prime factors of 1240504.
2, 29, 5347
List the prime factors of 2870953.
2870953
List the prime factors of 11675882.
2, 1091, 5351
List the prime factors of 775048.
2, 19, 5099
List the prime factors of 3728703.
3, 11, 103, 1097
List the prime factors of 300725.
5, 23, 523
What are the prime factors of 410168?
2, 11, 59, 79
What are the prime factors of 382603?
13, 19, 1549
List the prime factors of 4531655.
5, 906331
What are the prime factors of 2657694?
2, 3, 13, 2621
List the prime factors of 892740.
2, 3, 5, 14879
List the prime factors of 120529.
43, 2803
What are the prime factors of 1147365?
3, 5, 2833
List the prime factors of 588027.
3, 11, 103, 173
List the prime factors of 416512.
2, 1627
What are the prime factors of 238346?
2, 119173
What are the prime factors of 5875135?
5, 7, 167861
What are the prime factors of 148801?
17, 8753
List the prime factors of 5121729.
3, 569081
What are the prime factors of 2362235?
5, 17, 27791
List the prime factors of 6606897.
3, 11, 17, 11777
List the prime factors of 229583.
229583
What are the prime factors of 1294850?
2, 5, 19, 29, 47
List the prime factors of 40249.
11, 3659
What are the prime factors of 683317?
683317
List the prime factors of 7287002.
2, 37, 98473
What are the prime factors of 5882925?
3, 5, 78439
List the prime factors of 3955993.
3955993
List the prime factors of 405695.
5, 41, 1979
List the prime factors of 1076033.
7, 153719
List the prime factors of 14024637.
3, 11, 47221
What are the prime factors of 1027362?
2, 3, 7, 61, 401
What are the prime factors of 135601?
135601
List the prime factors of 9997075.
5, 11, 36353
List the prime factors of 2084807.
73, 28559
What are the prime factors of 118273?
118273
What are the prime factors of 224153?
224153
What are the prime factors of 1947957?
3, 11, 59029
List the prime factors of 4834771.
97, 49843
List the prime factors of 105829.
105829
List the prime factors of 3241143.
3, 31, 11617
What are the prime factors of 263216?
2, 16451
What are the prime factors of 776005?
5, 155201
What are the prime factors of 1449918?
2, 3, 109, 739
List the prime factors of 262656.
2, 3, 19
List the prime factors of 274204.
2, 7, 1399
List the prime factors of 1418527.
11, 43, 2999
List the prime factors of 3211357.
3211357
What are the prime factors of 769378?
2, 37, 281
What are the prime factors of 10977169?
7, 43, 36469
What are the prime factors of 12859246?
2, 337, 19079
List the prime factors of 4695905.
5, 939181
What are the prime factors of 995344?
2, 7, 8887
What are the prime factors of 9492700?
2, 5, 7, 71, 191
What are the prime factors of 226333?
239, 947
What are the prime factors of 123771?
3, 41257
List the prime factors of 32512980.
2, 3, 5, 103, 5261
What are the prime factors of 3961808?
2, 247613
List the prime factors of 254311.
23, 11057
What are the prime factors of 11751715?
5, 619, 3797
List the prime factors of 3693528.
2, 3, 43, 1193
What are the prime factors of 5276531?
13, 349, 1163
List the prime factors of 50357.
37, 1361
What are the prime factors of 1019041?
109, 9349
What are the prime factors of 2216161?
2216161
What are the prime factors of 5333947?
811, 6577
List the prime factors of 338217.
3, 11, 37, 277
List the prime factors of 61432.
2, 7, 1097
List the prime factors of 207222.
2, 3, 34537
What are the prime factors of 1901020?
2, 5, 11, 8641
List the prime factors of 3120399.
3, 346711
List the prime factors of 1556601.
3, 518867
What are the prime factors of 693613?
383, 1811
What are the prime factors of 279361?
17, 16433
What are the prime factors of 1111879?
41, 47, 577
List the prime factors of 1322421.
3, 440807
What are the prime factors of 44977?
41, 1097
List the prime factors of 147314.
2, 73, 1009
List the prime factors of 478475.
5, 19139
List the prime factors of 2874286.
2, 709, 2027
What are the prime factors of 729702?
2, 3, 13513
What are the prime factors of 3260847?
3, 29, 37, 1013
What are the prime factors of 151128?
2, 3, 2099
What are the prime factors of 43375?
5, 347
What are the prime factors of 317192?
2, 31, 1279
What are the prime factors of 28690339?
17, 1687667
What are the prime factors of 243911?
243911
List the prime factors of 394315.
5, 17, 4639
What are the prime factors of 5671418?
2, 1487, 1907
What are the prime factors of 16367563?
43, 380641
List the prime factors of 17472.
2, 3, 7, 13
What are the prime factors of 5361749?
17, 197, 1601
What are the prime factors of 392554?
2, 196277
List the prime factors of 21586512.
2, 3, 23, 19553
List the prime factors of 11590.
2, 5, 19, 61
List the prime factors of 16666862.
2, 8333431
List the prime factors of 2148476.
2, 11, 23, 193
List the prime factors of 6184545.
3, 5, 412303
What are the prime factors of 1550779?
1550779
What are the prime factors of 1850599?
191, 9689
What are the prime factors of 199461?
3, 17, 3911
What are the prime factors of 1147?
31, 37
List the prime factors of 412510.
2, 5, 7, 71, 83
List the prime factors of 265898.
2, 132949
List the prime factors of 8324158.
2, 233, 17863
List the prime factors of 13848106.
2, 6924053
What are the prime factors of 289448?
2, 97, 373
What are the prime factors of 96696?
2, 3, 17, 79
List the prime factors of 3201966.
2, 3, 177887
List the prime factors of 4078704.
2, 3, 7, 61, 199
List the prime factors of 458230.
2, 5, 45823
What are the prime factors of 13552175?
5, 7, 13, 23, 37
What are the prime factors of 781000?
2, 5, 11, 71
What are the prime factors of 205188?
2, 3, 17099
What are the prime factors of 44466?
2, 3, 7411
List the prime factors of 12941264.
2, 7, 115547
What are the prime factors of 4436312?
2, 53, 10463
What are the prime factors of 8606924?
2, 19, 269, 421
List the prime factors of 284309.
401, 709
What are the prime factors of 252612?
2, 3, 2339
What are the prime factors of 1418958?
2, 3, 19, 461
List the prime factors of 3635666.
2, 1817833
What are the prime factors of 3243703?
211, 15373
What are the prime factors of 7776110?
2, 5, 389, 1999
List the prime factors of 27021438.
2, 3, 166799
What are the prime factors of 673065?
3, 5, 14957
What are the prime factors of 252666?
2, 3, 4679
What are the prime factors of 7215372?
2, 3, 66809
List the prime factors of 4383153.
3, 53, 1021
List the prime factors of 847801.
499, 1699
What are the prime factors of 7102679?
7102679
List the prime factors of 6167838.
2, 3, 17, 3557
What are the prime factors of 236958?
2, 3, 73, 541
What are the prime factors of 1097749?
97, 11317
List the prime factors of 1362443.
1362443
List the prime factors of 244637.
244637
What are the prime factors of 2615318?
2, 293, 4463
List the prime factors of 821532.
2, 3, 223, 307
List the prime factors of 38692.
2, 17, 569
What are the prime factors of 659989?
11, 59999
What are the prime factors of 9069403?
7, 19, 37, 97
What are the prime factors of 255903?
3, 197, 433
List the prime factors of 2595695.
5, 43, 12073
List the prime factors of 575773.
11, 17, 3079
List the prime factors of 83368.
2, 17, 613
List the prime factors of 808041.
3, 13, 20719
What are the prime factors of 351581?
59, 101
What are the prime factors of 585567?
3, 65063
What are the prime factors of 4019044?
2, 1004761
List the prime factors of 3697395.
3, 5, 13, 67, 283
List the prime factors of 496112.
2, 101, 307
List the prime factors of 9994078.
2, 41, 307, 397
List the prime factors of 10690637.
17, 628861
What are the prime factors of 162582?
2, 3, 7, 79
List the prime factors of 12154136.
2, 1519267
List the prime factors of 145830.
2, 3, 5, 4861
What are the prime factors of 774717?
3, 281, 919
What are the prime factors of 3692626?
2, 7, 263759
List the prime factors of 699283.
13, 53791
List the prime factors of 1305774.
2, 3, 24181
List the prime factors of 2968513.
2968513
What are the prime factors of 16641227?
61, 272807
What are the prime factors of 3658008?
2, 3, 152417
What are the prime factors of 11573212?
2, 7, 137, 431
What are the prime factors of 17730?
2, 3, 5, 197
List the prime factors of 170322.
2, 3, 28387
What are the prime factors of 115112?
2, 14389
What are the prime factors of 481964?
2, 7, 2459
List the prime factors of 202628.
2, 179, 283
List the prime facto